the prime factors of b - (-1 - (0 - 3)).
2, 11
Suppose 33 = -39*r + 36*r. List the prime factors of (0 - 1)*(r + -4).
3, 5
Let z be 4*-3*(-1)/4. Suppose -18 = -z*v - 0*v. Suppose 0 = 2*d - 2 - v. List the prime factors of d.
2
Suppose 1759 - 11839 = -5*v + p, -8085 = -4*v + 5*p. List the prime factors of v.
5, 13, 31
Let n(w) = w**2 + 4*w - 4. Let m be n(-4). Let t be (-1)/m - 186/8. What are the prime factors of (t/2)/(5/(-10))?
23
Let f(h) be the second derivative of 0 + 7/2*h**2 + 11/6*h**3 - h. What are the prime factors of f(3)?
2, 5
Let w(y) = 4 + 4 + 2 + y - 6. Let t be w(0). Suppose -c = -3*j + 4, 3*c + t*j - 8*j = -2. What are the prime factors of c?
2
Let y = 843 - 352. What are the prime factors of y?
491
Suppose -3*f - 3*q = -3066, q = 4*f - 2174 - 1919. List the prime factors of f.
3, 11, 31
Suppose 2*v - m = 3*v + 101, 4*v - 2*m = -410. Suppose 0*r + 6*r + 84 = 0. List the prime factors of 4/r + v/(-14).
7
Let x(j) = j**3 + 7*j**2 + 5*j - 4. Let t be x(-7). Let d = -36 - t. Suppose -f + 3*z + 29 = 0, -5*z + 69 = d*f + 10. List the prime factors of f.
23
Let a(d) = -3*d**3 - 5*d**2 + d + 15. List the prime factors of a(-6).
3, 53
Let v be 6/10 + (-72)/(-5). Let l be 3/(-9) - (-695)/v. Suppose -10 = 2*b - l. What are the prime factors of b?
2, 3
Let b(d) = -d + 66. Let z = -60 + 60. What are the prime factors of b(z)?
2, 3, 11
Suppose 2*g - 686 = 5*i, 0 = -4*i + 3*g + 2*g - 559. Let o = 262 + i. List the prime factors of o.
2, 3, 7
Let i = -93 + 163. Suppose 7*q - 595 = i. List the prime factors of q.
5, 19
Let g(d) = d**3 - 23*d**2 + 10*d - 9. Let b be g(23). Let k = -107 + b. What are the prime factors of k?
2, 3, 19
Let f(t) = -2*t + 23. Let c be f(10). Suppose 0 = 3*z - c*y - 264, 2*z - z = 4*y + 91. List the prime factors of z.
3, 29
Suppose -13*t + 0*t = -26. Suppose -5*k + k + 396 = 5*r, -t*r + 2*k + 144 = 0. List the prime factors of r.
2, 19
Suppose -82 = -17*u + 20. Let w(z) = 7*z**2 - z**2 + 0*z**2 - z**3 + 7*z + 5. What are the prime factors of w(u)?
47
Let o = -6 - -28. Suppose -3*l - 3*s - 39 = 0, -s - 43 - 6 = 3*l. Let d = l + o. List the prime factors of d.
2
Let b be 1*12 + 2 + -5. Let w(t) = 2*t - 12. Let o be w(b). Let r(m) = m**3 - 5*m**2 - 2*m - 8. What are the prime factors of r(o)?
2
Suppose 259*q + 9345 = 280*q. List the prime factors of q.
5, 89
Suppose -5*j - 2*a + 1 = -6*a, -5*a = -5*j. Let p(q) = 3*q**3 - 4*q**2 - 1 + 4*q**2 - j + 3*q**2. List the prime factors of p(2).
2, 17
Let b = 142 - 142. Suppose -5*a - 8 = -7*a. Suppose t - 168 = -5*o + a*t, b = -o - 4*t + 52. List the prime factors of o.
2, 3
Suppose 22*n - 3323 = 15729. List the prime factors of n.
2, 433
Let k(t) = 9*t - 16*t - 8 - 6*t - 6. What are the prime factors of k(-5)?
3, 17
Let g be (-4 - 14/(-3))*-9. Let a(w) = -7*w + 11. What are the prime factors of a(g)?
53
Let f(z) = 11*z**3 - 24*z**2 + 17*z + 39. Let u(b) = 5*b**3 - 12*b**2 + 8*b + 19. Let m(x) = -4*f(x) + 9*u(x). What are the prime factors of m(12)?
3, 7
Let k = -70 + 74. Suppose -250 = k*v - 9*v. List the prime factors of v.
2, 5
Suppose 0*s = s - 3*n + 247, 4*s - 4*n = -972. Let a = 353 + s. What are the prime factors of a?
2, 7
Suppose 10*g = 15*g + 535. Let b = g + 293. What are the prime factors of b?
2, 3, 31
Suppose 0 = q - 1 - 1. Suppose 6 = q*m + m. What are the prime factors of 1 - m*57/(-6)?
2, 5
List the prime factors of -277*30/24*-4.
5, 277
Suppose -3*c = -5*b - 49, c - b - 2*b - 23 = 0. Suppose c*i - 4*i = 80. Suppose 2*r - 16 = -2*y, 3*y - 24 = -5*r + i. List the prime factors of r.
2, 5
Let r be 9*(-4)/24*-2. Suppose -s + 3*y + 71 = 0, -5*s - 4*y = -r*y - 403. What are the prime factors of s?
2, 5
Let s = 2663 + -1186. What are the prime factors of s?
7, 211
Suppose 3*g + 16 = -2. Let w be (-2)/g - (-16)/6. Suppose 0 = -w*m + 7*m - 2*k - 88, 5*k + 10 = 0. List the prime factors of m.
3, 7
Let f be -4 - (3 + -7 - -8). Let o = f + 14. What are the prime factors of o?
2, 3
Let a(i) be the first derivative of -i**2 + 31*i - 14. List the prime factors of a(10).
11
Suppose -65*b + 33*b = -110112. What are the prime factors of b?
3, 31, 37
Suppose -8 = -5*g + 3*k + 5, -g - 5*k = 3. Suppose g*z + 3 + 3 = 0, 2*f = -z + 197. What are the prime factors of f?
2, 5
Let s be 0/(2 + 3 + -2). Suppose 15*f - 16*f + 131 = s. What are the prime factors of f?
131
Suppose 11*i + 960 = 8*i. Let l = 482 + i. List the prime factors of l.
2, 3
Suppose 274*x - 284*x + 12630 = 0. List the prime factors of x.
3, 421
Let s(o) = 460*o + 245. What are the prime factors of s(3)?
5, 13
Let n = 1534 - -96. List the prime factors of n.
2, 5, 163
Let w be 6*-1 - ((2 - 19) + 12). Suppose 5*s = -3 - 7. List the prime factors of (w - s) + 15/1.
2
Suppose 923 + 9021 = 8*l. What are the prime factors of l?
11, 113
Suppose 4*s - 143 = 3*k, -2*k = 2*k - 12. Suppose 0 = -5*m + 3*t + 27, 3*t = -2*m + 8*t + 26. Let o = s - m. List the prime factors of o.
5, 7
Let l(x) = -x - 3 - 2*x + 2*x. Let t = -12 + 6. What are the prime factors of l(t)?
3
Let l(s) = -51*s**2 + 28*s**2 + 3 + 94*s**3 - 4*s + 24*s**2. What are the prime factors of l(1)?
2, 47
List the prime factors of -30*((-1757)/14 - 7).
3, 5, 53
Suppose 5*k = 3905 - 665. List the prime factors of k.
2, 3
Let k be (-2)/(-6) + (-4)/12. Suppose 4*y - 3*f - 448 = k, -5*y + 0*f + f = -571. List the prime factors of y.
5, 23
Let h be 0/(-2)*8/(-16). Suppose 0*x - 6*x - 66 = h. Let t = 53 + x. List the prime factors of t.
2, 3, 7
Let m be 405/5 + 3 + -3. Let s = -22 + m. What are the prime factors of s?
59
Suppose -6*q + 18 + 0 = 0. Suppose -521 = -5*y + p, q*y + 4*p = 93 + 215. What are the prime factors of y?
2, 13
Let l be 20/8*8/30*21. What are the prime factors of 0 + 233/2 - 21/l?
5, 23
Suppose 5*t = 3*t + 12. Suppose -3*i = -5*m - 20, 4*i + 0*i + 3*m = 75. Let k = i - t. List the prime factors of k.
3
Let h(l) = l. Suppose 0 = 3*z - 4*z + 5. Let w(g) = -10*g**2 + 4*g + 3. Let n(o) = z*h(o) - w(o). What are the prime factors of n(2)?
3, 13
Suppose 10 = 2*i + 3*i. Suppose i*c + 39 = 3*w + c, -3*w + 27 = 3*c. What are the prime factors of 8/(w/(-3)) + 11?
3
Suppose 14*k + 828 = 16*k. List the prime factors of k.
2, 3, 23
Let t be (-846)/(-12)*(-16)/(-6). Suppose 6*r + m = r + 306, -5*m + t = 3*r. List the prime factors of r.
61
Let y be 37/(-4) + (-4)/(-16). Let n(g) be the second derivative of -g**4/12 - 2*g**3 - 3*g**2/2 - 2*g. List the prime factors of n(y).
2, 3
Let l = -34 - -26. List the prime factors of l/(-12)*228/8.
19
Let b(s) = 2*s**2 - 27*s + 206. List the prime factors of b(-25).
2131
Suppose 3*l = -239 + 809. Let w = -76 + l. Suppose 3*p + w = 5*p. List the prime factors of p.
3, 19
Let i(t) = 7*t**2 - 27*t + 592. What are the prime factors of i(14)?
2, 13, 61
Let q(t) = 16*t**2 + t - 31. List the prime factors of q(11).
2, 479
Suppose -2*k - 1201 = -1655. List the prime factors of k.
227
Suppose 5639 = 5*x - 2*t, 5*x - 239 = -4*t + 5388. List the prime factors of x.
7, 23
Suppose 2*h - 3*m + 11 - 36 = 0, -m - 5 = 0. Suppose -x - 373 = -h*c - 2*x, -4*c = -2*x - 304. What are the prime factors of c?
3, 5
Suppose -3*a - 5*s = -4, 0 = -3*a + s + 15 - 5. Let t be (9/(-12))/(a/(-12)). Suppose q - 104 = -t*q. What are the prime factors of q?
2, 13
Suppose -4*p - 5*d + 9*d = -1828, 0 = -5*p + 3*d + 2279. What are the prime factors of p?
2, 227
Let l = 1456 - 261. What are the prime factors of l?
5, 239
Let a = -21 + 45. Let z = a - -22. What are the prime factors of z?
2, 23
Let v = 29 - 32. List the prime factors of (v + 7)*38/4.
2, 19
Suppose -6*s + 685 + 2771 = 0. List the prime factors of s.
2, 3
Let p(z) = -z**3 - 8*z**2 - 9*z - 5. Let h be p(-7). Suppose d + h = b, d - 21 = b + 6*d. Suppose 72 = b*c - 0*c. List the prime factors of c.
2, 3
List the prime factors of ((-192)/5)/((-28)/280).
2, 3
Let s(z) = 83*z**2 + 12*z + 9. List the prime factors of s(5).
2, 67
Suppose 5*u + x + 4*x = 20, 3*x - 4 = -u. Let g be (-1)/u - (-1345)/20. Suppose -2*z + 11 = -g. What are the prime factors of z?
3, 13
List the prime factors of ((-542)/4)/((-45)/90).
271
Suppose 3*i + 5*p = 4*p + 52, -24 = -i - 2*p. Suppose 4*y = y + 2*a - i, 0 = -2*y + 4*a - 24. List the prime factors of 5/(3/(-12)*y).
2, 5
Let x(m) = -4469*m**3 + 3*m**2. List the prime factors 